{"id":2399,"date":"2021-06-11T08:24:20","date_gmt":"2021-06-11T08:24:20","guid":{"rendered":"https:\/\/dawidlinkowski.pl\/?page_id=2399"},"modified":"2022-02-27T12:50:06","modified_gmt":"2022-02-27T11:50:06","slug":"contacts-2","status":"publish","type":"page","link":"https:\/\/dawidlinkowski.pl\/?page_id=2399","title":{"rendered":"Kontakt"},"content":{"rendered":"\t\t<div data-elementor-type=\"wp-page\" data-elementor-id=\"2399\" class=\"elementor elementor-2399\">\n\t\t\t\t\t\t\t\t\t<section class=\"elementor-section elementor-top-section elementor-element elementor-element-5a8db07 elementor-section-boxed elementor-section-height-default elementor-section-height-default\" data-id=\"5a8db07\" data-element_type=\"section\">\n\t\t\t\t\t\t<div class=\"elementor-container elementor-column-gap-default\">\n\t\t\t\t\t<div class=\"elementor-column elementor-col-100 elementor-top-column elementor-element elementor-element-0bcdd49\" data-id=\"0bcdd49\" data-element_type=\"column\">\n\t\t\t<div class=\"elementor-widget-wrap elementor-element-populated\">\n\t\t\t\t\t\t\t\t<div class=\"elementor-element elementor-element-6efc4a7 elementor-widget elementor-widget-yprm_heading\" data-id=\"6efc4a7\" data-element_type=\"widget\" data-widget_type=\"yprm_heading.default\">\n\t\t\t\t<div class=\"elementor-widget-container\">\n\t\t\t\t\t\t<div class=\"heading-block tal\">\n\t\t\t\t                  <h2 class=\"h\">Kontakt<\/h2>\n        \t\t\t<\/div>\n      \t\t\t\t<\/div>\n\t\t\t\t<\/div>\n\t\t\t\t<section class=\"elementor-section elementor-inner-section elementor-element elementor-element-24eeca8 elementor-section-boxed elementor-section-height-default elementor-section-height-default\" data-id=\"24eeca8\" data-element_type=\"section\">\n\t\t\t\t\t\t<div class=\"elementor-container elementor-column-gap-default\">\n\t\t\t\t\t<div class=\"elementor-column elementor-col-50 elementor-inner-column elementor-element elementor-element-e18b235\" data-id=\"e18b235\" data-element_type=\"column\">\n\t\t\t<div class=\"elementor-widget-wrap elementor-element-populated\">\n\t\t\t\t\t\t\t\t<div class=\"elementor-element elementor-element-b9a73f0 elementor-widget elementor-widget-text-editor\" data-id=\"b9a73f0\" data-element_type=\"widget\" data-widget_type=\"text-editor.default\">\n\t\t\t\t<div class=\"elementor-widget-container\">\n\t\t\t<style>\/*! elementor - v3.6.6 - 08-06-2022 *\/\n.elementor-widget-text-editor.elementor-drop-cap-view-stacked .elementor-drop-cap{background-color:#818a91;color:#fff}.elementor-widget-text-editor.elementor-drop-cap-view-framed .elementor-drop-cap{color:#818a91;border:3px solid;background-color:transparent}.elementor-widget-text-editor:not(.elementor-drop-cap-view-default) .elementor-drop-cap{margin-top:8px}.elementor-widget-text-editor:not(.elementor-drop-cap-view-default) .elementor-drop-cap-letter{width:1em;height:1em}.elementor-widget-text-editor .elementor-drop-cap{float:left;text-align:center;line-height:1;font-size:50px}.elementor-widget-text-editor .elementor-drop-cap-letter{display:inline-block}<\/style>\t\t\t\t<p><span style=\"font-size: 18px; font-weight: 300;\">ART AND ACTION PHOTOGRAPHY <br \/>MARCIN DAWID LINKOWSKI.<\/span><\/p><p>NIP 5841071107<br \/>REGON 360890420<\/p>\t\t\t\t\t\t<\/div>\n\t\t\t\t<\/div>\n\t\t\t\t<div class=\"elementor-element elementor-element-658cf55 elementor-widget elementor-widget-text-editor\" data-id=\"658cf55\" data-element_type=\"widget\" data-widget_type=\"text-editor.default\">\n\t\t\t\t<div class=\"elementor-widget-container\">\n\t\t\t\t\t\t\t<p><span style=\"font-size: 18px; font-weight: 300;\">Studio WRZEpracownia<\/span><\/p><p>Gda\u0144sk Wrzeszcz, osiedle GARNIZON,<br \/>80-257 Gda\u0144sk<br \/>Ul Juliusza S\u0142owackiego 19<br \/>(Wej\u015bcie od strony placu zabaw &#8211; ty\u0142 Sztuki Wyboru)<\/p>\t\t\t\t\t\t<\/div>\n\t\t\t\t<\/div>\n\t\t\t\t\t<\/div>\n\t\t<\/div>\n\t\t\t\t<div class=\"elementor-column elementor-col-50 elementor-inner-column elementor-element elementor-element-bce858f\" data-id=\"bce858f\" data-element_type=\"column\">\n\t\t\t<div class=\"elementor-widget-wrap elementor-element-populated\">\n\t\t\t\t\t\t\t\t<div class=\"elementor-element elementor-element-98d42f4 elementor-widget elementor-widget-yprm_icon_box\" data-id=\"98d42f4\" data-element_type=\"widget\" data-settings=\"{&quot;cols_xs&quot;:1}\" data-widget_type=\"yprm_icon_box.default\">\n\t\t\t\t<div class=\"elementor-widget-container\">\n\t\t\t\t\t\t<div class=\"icon-box-block icon-box-style4\">\r\n\t\t\t\t<div class=\"row\">\r\n\t\t\t\t\t\t\t\t<div class=\"col-12\">\r\n\t\t\t\t<div class=\"icon-box\">\r\n\t\t\t\t\t\t\t\t<div class=\"icon\">\r\n\t\t\t\t<i class=\"multimedia-icon multimedia-icon-smartphone multimedia\" aria-hidden=\"true\"><\/i>\t\t\t<\/div>\r\n\t\t                      <div class=\"ct\">\r\n                            \t\t\t<div class=\"desc\">+ (48) 601 671 000<\/div>\r\n\t\t            <\/div>\r\n                    \t\t\t\t<\/div>\r\n\t\t\t<\/div>\r\n\t\t\t\t\t<div class=\"col-12\">\r\n\t\t\t\t<div class=\"icon-box\">\r\n\t\t\t\t\t\t\t\t<div class=\"icon\">\r\n\t\t\t\t<i class=\"multimedia-icon multimedia-icon-envelope multimedia\" aria-hidden=\"true true\"><\/i>\t\t\t<\/div>\r\n\t\t                      <div class=\"ct\">\r\n                            \t\t\t<div class=\"desc\">foto@dawidlinkowski.pl<\/div>\r\n\t\t            <\/div>\r\n                                <a href=\"mailto:foto@dawidlinkowski.pl\"><\/a>\r\n          \t\t\t\t<\/div>\r\n\t\t\t<\/div>\r\n\t\t\t\t\t\t<\/div>\r\n\t\t\t<\/div>\r\n\t\t\t\t<\/div>\n\t\t\t\t<\/div>\n\t\t\t\t\t<\/div>\n\t\t<\/div>\n\t\t\t\t\t\t\t<\/div>\n\t\t<\/section>\n\t\t\t\t\t<\/div>\n\t\t<\/div>\n\t\t\t\t\t\t\t<\/div>\n\t\t<\/section>\n\t\t\t\t<section class=\"elementor-section elementor-top-section elementor-element elementor-element-27c2e61 elementor-section-stretched elementor-section-boxed elementor-section-height-default elementor-section-height-default\" data-id=\"27c2e61\" data-element_type=\"section\" data-settings=\"{&quot;stretch_section&quot;:&quot;section-stretched&quot;}\">\n\t\t\t\t\t\t<div class=\"elementor-container elementor-column-gap-default\">\n\t\t\t\t\t<div class=\"elementor-column elementor-col-33 elementor-top-column elementor-element elementor-element-c2538eb\" data-id=\"c2538eb\" data-element_type=\"column\">\n\t\t\t<div class=\"elementor-widget-wrap elementor-element-populated\">\n\t\t\t\t\t\t\t\t<div class=\"elementor-element elementor-element-fc19a44 elementor-widget elementor-widget-image\" data-id=\"fc19a44\" data-element_type=\"widget\" data-widget_type=\"image.default\">\n\t\t\t\t<div class=\"elementor-widget-container\">\n\t\t\t<style>\/*! elementor - v3.6.6 - 08-06-2022 *\/\n.elementor-widget-image{text-align:center}.elementor-widget-image a{display:inline-block}.elementor-widget-image a img[src$=\".svg\"]{width:48px}.elementor-widget-image img{vertical-align:middle;display:inline-block}<\/style>\t\t\t\t\t\t\t\t\t\t\t\t<img decoding=\"async\" width=\"1024\" height=\"683\" src=\"https:\/\/dawidlinkowski.pl\/wp-content\/uploads\/2022\/02\/wrze1-1024x683.jpeg\" class=\"attachment-large size-large\" alt=\"\" loading=\"lazy\" srcset=\"https:\/\/dawidlinkowski.pl\/wp-content\/uploads\/2022\/02\/wrze1-1024x683.jpeg 1024w, https:\/\/dawidlinkowski.pl\/wp-content\/uploads\/2022\/02\/wrze1-300x200.jpeg 300w, https:\/\/dawidlinkowski.pl\/wp-content\/uploads\/2022\/02\/wrze1-768x512.jpeg 768w, https:\/\/dawidlinkowski.pl\/wp-content\/uploads\/2022\/02\/wrze1-1536x1024.jpeg 1536w, https:\/\/dawidlinkowski.pl\/wp-content\/uploads\/2022\/02\/wrze1-70x47.jpeg 70w, https:\/\/dawidlinkowski.pl\/wp-content\/uploads\/2022\/02\/wrze1.jpeg 1680w\" sizes=\"(max-width: 1024px) 100vw, 1024px\" \/>\t\t\t\t\t\t\t\t\t\t\t\t\t\t\t<\/div>\n\t\t\t\t<\/div>\n\t\t\t\t\t<\/div>\n\t\t<\/div>\n\t\t\t\t<div class=\"elementor-column elementor-col-33 elementor-top-column elementor-element elementor-element-71ec8d3\" data-id=\"71ec8d3\" data-element_type=\"column\">\n\t\t\t<div class=\"elementor-widget-wrap elementor-element-populated\">\n\t\t\t\t\t\t\t\t<div class=\"elementor-element elementor-element-866bc49 elementor-widget elementor-widget-image\" data-id=\"866bc49\" data-element_type=\"widget\" data-widget_type=\"image.default\">\n\t\t\t\t<div class=\"elementor-widget-container\">\n\t\t\t\t\t\t\t\t\t\t\t\t\t\t\t<img decoding=\"async\" width=\"1024\" height=\"683\" src=\"https:\/\/dawidlinkowski.pl\/wp-content\/uploads\/2022\/02\/wrze2-1024x683.jpeg\" class=\"attachment-large size-large\" alt=\"\" loading=\"lazy\" srcset=\"https:\/\/dawidlinkowski.pl\/wp-content\/uploads\/2022\/02\/wrze2-1024x683.jpeg 1024w, https:\/\/dawidlinkowski.pl\/wp-content\/uploads\/2022\/02\/wrze2-300x200.jpeg 300w, https:\/\/dawidlinkowski.pl\/wp-content\/uploads\/2022\/02\/wrze2-768x512.jpeg 768w, https:\/\/dawidlinkowski.pl\/wp-content\/uploads\/2022\/02\/wrze2-1536x1024.jpeg 1536w, https:\/\/dawidlinkowski.pl\/wp-content\/uploads\/2022\/02\/wrze2-70x47.jpeg 70w, https:\/\/dawidlinkowski.pl\/wp-content\/uploads\/2022\/02\/wrze2.jpeg 1680w\" sizes=\"(max-width: 1024px) 100vw, 1024px\" \/>\t\t\t\t\t\t\t\t\t\t\t\t\t\t\t<\/div>\n\t\t\t\t<\/div>\n\t\t\t\t\t<\/div>\n\t\t<\/div>\n\t\t\t\t<div class=\"elementor-column elementor-col-33 elementor-top-column elementor-element elementor-element-51fe67e\" data-id=\"51fe67e\" data-element_type=\"column\">\n\t\t\t<div class=\"elementor-widget-wrap elementor-element-populated\">\n\t\t\t\t\t\t\t\t<div class=\"elementor-element elementor-element-9ac2180 elementor-widget elementor-widget-image\" data-id=\"9ac2180\" data-element_type=\"widget\" data-widget_type=\"image.default\">\n\t\t\t\t<div class=\"elementor-widget-container\">\n\t\t\t\t\t\t\t\t\t\t\t\t\t\t\t<img decoding=\"async\" width=\"1024\" height=\"683\" src=\"https:\/\/dawidlinkowski.pl\/wp-content\/uploads\/2022\/02\/wrze3-1024x683.jpeg\" class=\"attachment-large size-large\" alt=\"\" loading=\"lazy\" srcset=\"https:\/\/dawidlinkowski.pl\/wp-content\/uploads\/2022\/02\/wrze3-1024x683.jpeg 1024w, https:\/\/dawidlinkowski.pl\/wp-content\/uploads\/2022\/02\/wrze3-300x200.jpeg 300w, https:\/\/dawidlinkowski.pl\/wp-content\/uploads\/2022\/02\/wrze3-768x512.jpeg 768w, https:\/\/dawidlinkowski.pl\/wp-content\/uploads\/2022\/02\/wrze3-1536x1024.jpeg 1536w, https:\/\/dawidlinkowski.pl\/wp-content\/uploads\/2022\/02\/wrze3-70x47.jpeg 70w, https:\/\/dawidlinkowski.pl\/wp-content\/uploads\/2022\/02\/wrze3.jpeg 1680w\" sizes=\"(max-width: 1024px) 100vw, 1024px\" \/>\t\t\t\t\t\t\t\t\t\t\t\t\t\t\t<\/div>\n\t\t\t\t<\/div>\n\t\t\t\t\t<\/div>\n\t\t<\/div>\n\t\t\t\t\t\t\t<\/div>\n\t\t<\/section>\n\t\t\t\t<section class=\"elementor-section elementor-top-section elementor-element elementor-element-fd40123 elementor-section-boxed elementor-section-height-default elementor-section-height-default\" data-id=\"fd40123\" data-element_type=\"section\">\n\t\t\t\t\t\t<div class=\"elementor-container elementor-column-gap-default\">\n\t\t\t\t\t<div class=\"elementor-column elementor-col-100 elementor-top-column elementor-element elementor-element-667aa2d\" data-id=\"667aa2d\" data-element_type=\"column\">\n\t\t\t<div class=\"elementor-widget-wrap elementor-element-populated\">\n\t\t\t\t\t\t\t\t<div class=\"elementor-element elementor-element-e98482e elementor-widget elementor-widget-yprm_google_map\" data-id=\"e98482e\" data-element_type=\"widget\" data-widget_type=\"yprm_google_map.default\">\n\t\t\t\t<div class=\"elementor-widget-container\">\n\t\t\t\t\t<section class=\"map\">\n\t\t\t<div id=\"google-map-e98482e\" class=\"google-map\" data-google-map-style=\"\" data-google-map-type=\"roadmap\" data-google-map-lat=\"54.3813196\" data-google-map-lng=\"18.5908093\" data-google-map-zoom=\"15\" data-google-locations='{\"lat\":\"54.3813196\",\"lng\":\"18.5908093\"}'><\/div>\n\t\t<\/section>\n\t\t\t<\/div>\n\t\t\t\t<\/div>\n\t\t\t\t\t<\/div>\n\t\t<\/div>\n\t\t\t\t\t\t\t<\/div>\n\t\t<\/section>\n\t\t\t\t\t\t\t<\/div>\n\t\t","protected":false},"excerpt":{"rendered":"<p>Kontakt ART AND ACTION PHOTOGRAPHY MARCIN DAWID LINKOWSKI. NIP 5841071107REGON 360890420 Studio WRZEpracownia Gda\u0144sk Wrzeszcz, osiedle GARNIZON,80-257 Gda\u0144skUl Juliusza S\u0142owackiego 19(Wej\u015bcie od strony placu zabaw &#8211; ty\u0142 Sztuki Wyboru) + (48) 601 671 000 foto@dawidlinkowski.pl<\/p>\n","protected":false},"author":1,"featured_media":0,"parent":0,"menu_order":0,"comment_status":"closed","ping_status":"closed","template":"","meta":[],"acf":[],"yoast_head":"<!-- This site is optimized with the Yoast SEO plugin v19.11 - https:\/\/yoast.com\/wordpress\/plugins\/seo\/ -->\n<title>Kontakt - Dawid Linkowski<\/title>\n<meta name=\"robots\" content=\"index, follow, max-snippet:-1, max-image-preview:large, max-video-preview:-1\" \/>\n<link rel=\"canonical\" href=\"https:\/\/dawidlinkowski.pl\/?page_id=2399\" \/>\n<meta property=\"og:locale\" content=\"pl_PL\" \/>\n<meta property=\"og:type\" content=\"article\" \/>\n<meta property=\"og:title\" content=\"Kontakt - Dawid Linkowski\" \/>\n<meta property=\"og:description\" content=\"Kontakt ART AND ACTION PHOTOGRAPHY MARCIN DAWID LINKOWSKI. NIP 5841071107REGON 360890420 Studio WRZEpracownia Gda\u0144sk Wrzeszcz, osiedle GARNIZON,80-257 Gda\u0144skUl Juliusza S\u0142owackiego 19(Wej\u015bcie od strony placu zabaw &#8211; ty\u0142 Sztuki Wyboru) + (48) 601 671 000 foto@dawidlinkowski.pl\" \/>\n<meta property=\"og:url\" content=\"https:\/\/dawidlinkowski.pl\/?page_id=2399\" \/>\n<meta property=\"og:site_name\" content=\"Dawid Linkowski\" \/>\n<meta property=\"article:publisher\" content=\"https:\/\/www.facebook.com\/artandactionphotography\/\" \/>\n<meta property=\"article:modified_time\" content=\"2022-02-27T11:50:06+00:00\" \/>\n<meta property=\"og:image\" content=\"http:\/\/dawidlinkowski.pl\/wp-content\/uploads\/2022\/02\/wrze1-1024x683.jpeg\" \/>\n<meta name=\"twitter:card\" content=\"summary_large_image\" \/>\n<script type=\"application\/ld+json\" class=\"yoast-schema-graph\">{\"@context\":\"https:\/\/schema.org\",\"@graph\":[{\"@type\":\"WebPage\",\"@id\":\"https:\/\/dawidlinkowski.pl\/?page_id=2399\",\"url\":\"https:\/\/dawidlinkowski.pl\/?page_id=2399\",\"name\":\"Kontakt - Dawid Linkowski\",\"isPartOf\":{\"@id\":\"https:\/\/dawidlinkowski.pl\/#website\"},\"datePublished\":\"2021-06-11T08:24:20+00:00\",\"dateModified\":\"2022-02-27T11:50:06+00:00\",\"breadcrumb\":{\"@id\":\"https:\/\/dawidlinkowski.pl\/?page_id=2399#breadcrumb\"},\"inLanguage\":\"pl-PL\",\"potentialAction\":[{\"@type\":\"ReadAction\",\"target\":[\"https:\/\/dawidlinkowski.pl\/?page_id=2399\"]}]},{\"@type\":\"BreadcrumbList\",\"@id\":\"https:\/\/dawidlinkowski.pl\/?page_id=2399#breadcrumb\",\"itemListElement\":[{\"@type\":\"ListItem\",\"position\":1,\"name\":\"Strona g\u0142\u00f3wna\",\"item\":\"https:\/\/dawidlinkowski.pl\/\"},{\"@type\":\"ListItem\",\"position\":2,\"name\":\"Kontakt\"}]},{\"@type\":\"WebSite\",\"@id\":\"https:\/\/dawidlinkowski.pl\/#website\",\"url\":\"https:\/\/dawidlinkowski.pl\/\",\"name\":\"Dawid Linkowski\",\"description\":\"Art &amp; Action Photography\",\"potentialAction\":[{\"@type\":\"SearchAction\",\"target\":{\"@type\":\"EntryPoint\",\"urlTemplate\":\"https:\/\/dawidlinkowski.pl\/?s={search_term_string}\"},\"query-input\":\"required name=search_term_string\"}],\"inLanguage\":\"pl-PL\"}]}<\/script>\n<!-- \/ Yoast SEO plugin. -->","yoast_head_json":{"title":"Kontakt - Dawid Linkowski","robots":{"index":"index","follow":"follow","max-snippet":"max-snippet:-1","max-image-preview":"max-image-preview:large","max-video-preview":"max-video-preview:-1"},"canonical":"https:\/\/dawidlinkowski.pl\/?page_id=2399","og_locale":"pl_PL","og_type":"article","og_title":"Kontakt - Dawid Linkowski","og_description":"Kontakt ART AND ACTION PHOTOGRAPHY MARCIN DAWID LINKOWSKI. NIP 5841071107REGON 360890420 Studio WRZEpracownia Gda\u0144sk Wrzeszcz, osiedle GARNIZON,80-257 Gda\u0144skUl Juliusza S\u0142owackiego 19(Wej\u015bcie od strony placu zabaw &#8211; ty\u0142 Sztuki Wyboru) + (48) 601 671 000 foto@dawidlinkowski.pl","og_url":"https:\/\/dawidlinkowski.pl\/?page_id=2399","og_site_name":"Dawid Linkowski","article_publisher":"https:\/\/www.facebook.com\/artandactionphotography\/","article_modified_time":"2022-02-27T11:50:06+00:00","og_image":[{"url":"http:\/\/dawidlinkowski.pl\/wp-content\/uploads\/2022\/02\/wrze1-1024x683.jpeg"}],"twitter_card":"summary_large_image","schema":{"@context":"https:\/\/schema.org","@graph":[{"@type":"WebPage","@id":"https:\/\/dawidlinkowski.pl\/?page_id=2399","url":"https:\/\/dawidlinkowski.pl\/?page_id=2399","name":"Kontakt - Dawid Linkowski","isPartOf":{"@id":"https:\/\/dawidlinkowski.pl\/#website"},"datePublished":"2021-06-11T08:24:20+00:00","dateModified":"2022-02-27T11:50:06+00:00","breadcrumb":{"@id":"https:\/\/dawidlinkowski.pl\/?page_id=2399#breadcrumb"},"inLanguage":"pl-PL","potentialAction":[{"@type":"ReadAction","target":["https:\/\/dawidlinkowski.pl\/?page_id=2399"]}]},{"@type":"BreadcrumbList","@id":"https:\/\/dawidlinkowski.pl\/?page_id=2399#breadcrumb","itemListElement":[{"@type":"ListItem","position":1,"name":"Strona g\u0142\u00f3wna","item":"https:\/\/dawidlinkowski.pl\/"},{"@type":"ListItem","position":2,"name":"Kontakt"}]},{"@type":"WebSite","@id":"https:\/\/dawidlinkowski.pl\/#website","url":"https:\/\/dawidlinkowski.pl\/","name":"Dawid Linkowski","description":"Art &amp; Action Photography","potentialAction":[{"@type":"SearchAction","target":{"@type":"EntryPoint","urlTemplate":"https:\/\/dawidlinkowski.pl\/?s={search_term_string}"},"query-input":"required name=search_term_string"}],"inLanguage":"pl-PL"}]}},"_links":{"self":[{"href":"https:\/\/dawidlinkowski.pl\/index.php?rest_route=\/wp\/v2\/pages\/2399"}],"collection":[{"href":"https:\/\/dawidlinkowski.pl\/index.php?rest_route=\/wp\/v2\/pages"}],"about":[{"href":"https:\/\/dawidlinkowski.pl\/index.php?rest_route=\/wp\/v2\/types\/page"}],"author":[{"embeddable":true,"href":"https:\/\/dawidlinkowski.pl\/index.php?rest_route=\/wp\/v2\/users\/1"}],"replies":[{"embeddable":true,"href":"https:\/\/dawidlinkowski.pl\/index.php?rest_route=%2Fwp%2Fv2%2Fcomments&post=2399"}],"version-history":[{"count":43,"href":"https:\/\/dawidlinkowski.pl\/index.php?rest_route=\/wp\/v2\/pages\/2399\/revisions"}],"predecessor-version":[{"id":4662,"href":"https:\/\/dawidlinkowski.pl\/index.php?rest_route=\/wp\/v2\/pages\/2399\/revisions\/4662"}],"wp:attachment":[{"href":"https:\/\/dawidlinkowski.pl\/index.php?rest_route=%2Fwp%2Fv2%2Fmedia&parent=2399"}],"curies":[{"name":"wp","href":"https:\/\/api.w.org\/{rel}","templated":true}]}}